common factor of g and l?
39
Let y(u) = -u**2 + 9*u - 2. Let z be y(8). Let k = -119 + 97. Let q = z - k. What is the greatest common factor of q and 140?
28
Let t be (-2 - 8/(-6))*(-9)/6. Let i be (-13)/((-8)/2 - t - -4). What is the highest common divisor of 143 and i?
13
Let o = -220 + 304. Calculate the greatest common factor of o and 60.
12
Let v = 227 + -203. What is the highest common factor of v and 168?
24
Let b(s) = -41*s - 16. Let u be b(-18). Suppose 13*c - 58 = u. Calculate the highest common factor of 12 and c.
12
Let n(y) = 2*y**2 - 66*y + 562. Let s be n(17). Let u be 1/(2/4 + 0). Calculate the greatest common divisor of u and s.
2
Let h(u) = -5 + u**3 + 540*u**2 - 542*u**2 + 14 - 2*u. Let t be h(0). Calculate the highest common factor of 81 and t.
9
Let u be (-752)/(-6) + (-4)/12. Suppose 0 = -5*h + 2*o - 0*o + u, 5*o + 2 = h. Let a be (-2 + 0)*h/(-6). What is the highest common factor of a and 18?
9
Let t(r) = -r**3 + 20*r**2 + 21*r + 1. Let l be t(21). Let w be l + (32 - 6/2). Let i = 13 - 1. Calculate the highest common factor of w and i.
6
Let z(i) = -39*i + 100. Let g be z(0). What is the highest common divisor of g and 2350?
50
Suppose 12 = -5*t + 47. Let v be (-6 - -3 - 1) + t. Let o be -2 - (-29 + (-2 - -2)). Calculate the greatest common divisor of o and v.
3
Suppose -147 - 609 = -7*f. Calculate the highest common factor of 54 and f.
54
Suppose -10*w = -8*w - 28. Suppose -f + 21 + 9 = 0. Let b be ((-14)/6)/((-2)/f). What is the highest common divisor of b and w?
7
Let s be ((-1)/(-5)*2)/((-34)/(-85)). Calculate the greatest common divisor of s and 6.
1
Suppose 0 = 33*m - 40*m + 168. Suppose 0 = 5*q - r - 35, r - 4*r = 15. Let s = m - q. What is the greatest common factor of 45 and s?
9
Suppose 239*z - 84 = 240*z. Let i = z + 86. What is the highest common divisor of 5 and i?
1
Let w(g) = 5*g**3 - 23*g**2 + 19*g - 68. Let n be w(5). Suppose 3*y = 4*o - 3 + 4, 2*y - 39 = -5*o. What is the greatest common divisor of y and n?
7
Let z(m) = -m**3 + 8*m**2 - 8*m + 8. Let o be z(7). Let a be 14/((-9)/(-6) - o). Calculate the highest common divisor of 112 and a.
28
Let a be 2616/40 + 8 + 9/15. Calculate the greatest common factor of a and 37.
37
Let v = 35 + -49. Let f be 32/56 + (-118)/v. What is the greatest common divisor of 45 and f?
9
Suppose 9*l - 356 = 7*l. Let t = 253 - l. Let m = -3 - -33. What is the greatest common factor of m and t?
15
Suppose 3*l - 61 - 51 = -5*f, 4*l + 3*f = 164. Suppose -3*i - 3*w + 39 = 0, -i + 6 = 2*w - 9. Calculate the highest common factor of l and i.
11
Let m(u) = -8*u**3 - 4*u**2 - 3*u - 8. Let d be m(-2). Calculate the greatest common divisor of d and 1.
1
Let o(m) = m**2 - 7*m - 5. Let t be o(-6). Suppose 4*p = -21 + t. Calculate the highest common divisor of 104 and p.
13
Suppose -3*m - 3*x + 4*x + 51 = 0, 3*x = -2*m + 45. Let l = 86 - -4. Calculate the highest common divisor of l and m.
18
Let i be (-6)/((-18)/15) - (-8 - 1). What is the greatest common divisor of i and 602?
14
Suppose -2*q - 6*q + 232 = 0. Suppose 0 = 2*b - 6*b + 20. Suppose 0 = b*i - 15 - 130. Calculate the highest common divisor of q and i.
29
Let k be -5 - -3 - (3 - (64 + -6)). Calculate the greatest common factor of k and 742.
53
Let b(v) = 5*v - 1. Let z be b(3). Let l(t) = t**2 + 11*t + 8. Let g be l(-8). Let k be 150 + (-1)/(4/g). What is the greatest common factor of k and z?
14
Suppose 17*f = -0*f + 238. What is the highest common divisor of 46 and f?
2
Let u be 2535/260 - 15/(-12). Let v be (-4)/((2/(-22))/1). Calculate the greatest common divisor of u and v.
11
Suppose 15*a + 53 = 203. Let r(n) = n**3 - 6*n**2 + 5*n - 3. Let l be r(4). Let z be (l/(-2))/(1/4). Calculate the greatest common factor of z and a.
10
Let j be (8 - 105)/(0 - 1) - -1. Let p(r) = -13*r + 4. Let x be p(-11). Calculate the highest common factor of x and j.
49
Let p(d) = -2*d**3 + 8*d**2 + 24*d - 6. Let h be p(4). Calculate the highest common divisor of h and 50.
10
Suppose 352 = 5*a + 11*a. Calculate the greatest common divisor of a and 44.
22
Suppose -68*d + 455 = -3*d. Let k = -12 + 33. What is the highest common factor of d and k?
7
Let g = 56 - 14. What is the greatest common divisor of g and 378?
42
Suppose -3*y - 5*l = y - 34, -3*l + 6 = 0. Suppose x + y = 32. What is the highest common divisor of 156 and x?
26
Let x(c) = c**3 + 4*c**2 - 32*c + 4. Let z be x(-8). Suppose z*t = 9*t - 580. What is the greatest common factor of 29 and t?
29
Let k = -29 + 59. Let c = 2999 - 2759. What is the greatest common factor of c and k?
30
Let q(j) = j**3 - 11*j**2 - 12*j + 6. Let a = -66 + 78. Let b be q(a). What is the greatest common factor of b and 2?
2
Suppose -28*z + 33*z = -4*r + 22510, -5*r - 17967 = -4*z. Calculate the highest common factor of 13 and z.
13
Let x(y) = -y - 2. Let z be x(-5). Suppose 3*f + 2*h + 1 = 156, 15 = -z*h. What is the highest common divisor of 22 and f?
11
Let a(g) be the third derivative of -3*g**4/4 - 4*g**3/3 - g**2. Let d be a(-4). Let u = 15 + 1. What is the highest common divisor of u and d?
16
Suppose -5*z = 2*i - 178, i - 35 = -2*z + z. Let x = 10 + -6. Calculate the highest common factor of x and z.
4
Suppose -25*d = -8*d - 10472. What is the greatest common divisor of 56 and d?
56
Let b = -148 - -388. What is the greatest common divisor of b and 32?
16
Let p(l) = l**2 - 7*l - 452. Let c be p(-19). Calculate the greatest common factor of 21 and c.
21
Suppose 4*k = 93 + 487. Let b be 6/(-20)*2 - (-812)/k. Calculate the greatest common divisor of 1 and b.
1
Let d be 2 + -4 + (6 - 2). Suppose 3*i - 25 = d. Suppose -3*a + 2*k + 48 = -2*k, i = -3*k. What is the highest common factor of 60 and a?
12
Suppose -86*l = -60*l - 468. Let m(q) = q**2 + 6*q. Let f be (-38)/(-6) - (-1)/(-3). Let p be m(f). What is the highest common factor of p and l?
18
Suppose 519 = 25*p - 56. Calculate the highest common divisor of 10 and p.
1
Suppose -5*n = 0, 3*p + 0*p - 111 = -3*n. Suppose 38*q = p*q + 10. Calculate the greatest common factor of q and 70.
10
Suppose -m - 168 = -9*m. What is the highest common factor of 42 and m?
21
Let d be ((-12)/30)/(2*(-4)/920). Suppose 3*c - d = 8. Calculate the highest common divisor of c and 45.
9
Let m(x) = -x**3 + 6*x + 21. Let u be m(-3). What is the highest common factor of u and 30?
30
Let h be 3/(-9) + (-34)/(-3). Let z = 1356 + -1334. Calculate the greatest common factor of h and z.
11
Let g be -2*((-3 - -6) + 0). Let u be g/(-4)*208/39. Calculate the greatest common divisor of 56 and u.
8
Suppose 4*f = x + 12, 5*f - 2 + 4 = -3*x. Let p(q) = 18*q**3 + q + 4. Let z be p(f). Calculate the highest common factor of 15 and z.
15
Let d(r) = r**2 + 4*r + 96. Let n be d(29). Calculate the greatest common factor of n and 81.
81
Let n be (-22)/(((-2)/(-8))/((-6)/24)). Suppose 0 = 2*i + 14. Let x = n + i. What is the greatest common divisor of 75 and x?
15
Suppose 3*n - 11*n + 1904 = 0. What is the highest common divisor of n and 14?
14
Let a be 238/6 - (-2)/6. Suppose 0 = 4*m + j - 48 - 133, -a = -m + 5*j. Suppose 71 = 7*n - 139. What is the highest common factor of m and n?
15
Suppose 3*r + 3 = 6*r. Let n be 0 + r - (4 + -11). Calculate the greatest common divisor of 72 and n.
8
Suppose w - 23 = -3*m + 6, -2*w - m + 33 = 0. Calculate the greatest common divisor of 14 and w.
14
Let w = 8 - 13. Let u = 12 + w. Suppose u*b - 33 = 6*b. What is the greatest common divisor of 165 and b?
33
Suppose -46 = -2*i + 2*t, i = 2*i - 5*t - 27. Suppose -9*b = -i - 50. Calculate the greatest common divisor of 24 and b.
8
Suppose 0*s + p = s - 14, 3*s + 3*p = 12. Suppose 0 = 11*l - s*l - 504. Calculate the greatest common factor of l and 36.
36
Let l = -3 - -9. Let b be 6/9*459/l. Suppose 37 = t - b. Calculate the highest common divisor of t and 11.
11
Let m(t) = t**3 + 9*t**2 + 14*t + 10. Let k be m(-7). Suppose -k*z - 14 = -214. What is the highest common factor of z and 260?
20
Let g(m) = m**2 + 21*m + 23. Let k be g(-21). Calculate the greatest common divisor of 69 and k.
23
Suppose 5*y - 294 = 7*y. Let j(b) = 4*b**3 - 2*b**2 + 2*b. Let x be j(2). Let p = x - y. Calculate the greatest common factor of 25 and p.
25
Let b(f) = -f**3 - 9*f**2 - 8. Let d be b(-9). Let k = d + 14. Let r be (-2)/(-6) + 40